2)*1)/((-92)/46). Let j(u) = -a*u**3 - 1 + 32*u**3 - 6*u**3 - u + u**2. Determine j(-1).
-5
Suppose -4*n + n = 5*p - 13, -1 = 3*p + 4*n. Let f(i) be the first derivative of -25 + 11*i - 1/2*i**2. Determine f(p).
6
Let z(c) = -12*c + 3 + 4 - 2 - 8. Let g(s) = s - 9. Let q be g(7). Calculate z(q).
21
Let c(p) = p**3 - 7*p**2 + 7*p + 2. Suppose d - 230 = -227. Suppose -d*g + 38 = 4*s, -3*g = -3*s + s - 8. Determine c(g).
8
Let s(z) = -z**2 - 5*z + 7. Let c(b) = b**2 - 6. Let p be c(-3). Let j be 0 + p + (-180)/5. Let n = j + 28. Give s(n).
7
Let g = 7155 + -7136. Let i(h) = h + 5. Determine i(g).
24
Let g be ((-52)/(-104))/(1*(-2)/(-4)). Let a(c) be the third derivative of -c**5/15 + c**4/24 - c**3/6 - 8*c**2 + c. Determine a(g).
-4
Let j = -227 + 229. Suppose -5*x + 18 = 2*m, -3*m - 3*x + j = -4*m. Let q(v) = v**3 - 5*v**2 + 2*v - 2. Determine q(m).
-10
Let o = 76 - 73. Let k(r) = -95*r**3 + 2 + r + 97*r**3 - o*r. Determine k(2).
14
Suppose -4*l = -36 - 64. Let x = 31 - l. Suppose t = -2*t - 3*c - x, -5*t - c - 22 = 0. Let g(s) = -s**3 - 5*s**2 + s. Calculate g(t).
-5
Let b(j) be the first derivative of -j**4/4 - j**3 - j**2/2 - 15722. Suppose -3*v - 14 = -2. What is b(v)?
20
Let t(n) = 2*n**3 - 1. Let g(u) = -u**3 + 28*u**2 - 52*u + 1. Let z be g(26). Suppose -17*c + z = 18. Give t(c).
-3
Suppose -9 = -b + 13. Let n = 18 - b. Let l(q) be the first derivative of q**3/3 + 5*q**2/2 + 3*q - 91. Calculate l(n).
-1
Let i be (-32)/(-18) - (-32 + (-8294)/(-261)). Suppose 0 = -4*h - 0*h + 20. Let l(t) = -5*t + 3*t - h*t. Give l(i).
-14
Let t(z) = 20*z**2 - 14*z + 64. Let a(x) = -7*x**2 + 4*x - 21. Let o(d) = 17*a(d) + 6*t(d). Determine o(14).
-1
Let u(y) = -43 + 112*y + 38 - 233*y + 120*y. Suppose -4 = 2*x - p - 8, -40 = -5*x - 5*p. Give u(x).
-9
Let o = 128 - 92. Let y(k) = -9*k - 11*k - 17*k - 2 + o*k. Give y(-9).
7
Let i(m) = 9*m - 4*m**2 + m**2 - 9 + 2*m**2. Let k be (-472)/(-20) + (-2)/(-5). Suppose -19*j + k*j = 45. Determine i(j).
-9
Let f(t) = -75*t - 95. Let b(p) = 161*p + 191. Let v(y) = -6*b(y) - 13*f(y). Determine v(-10).
-1
Suppose 0 = -48*m + 253 + 227. Let k(o) = -27*o + 276. What is k(m)?
6
Let v(h) = -1 + 2*h**3 - h**3 + 44*h + 8*h - 53*h - 5*h**2. Suppose -3*j + 0*j = -15. Determine v(j).
-6
Suppose -l = 3*z + 6, -7*z = -2*z + 25. Suppose 5*a - 574 = -l. Suppose -109 = -2*i - a. Let q(s) = -s**2 - 4*s. Give q(i).
4
Let n(y) = 4*y + 14. Suppose 0 = -5*s + 7 - 22. Let m(a) = 7*a + 27. Let k(f) = s*m(f) + 5*n(f). Give k(-8).
-3
Suppose 0 = -5*z + 45*z + 12*z - 104. Let y(n) be the first derivative of 1 + 5/2*n**z + 2*n**3 + 1/4*n**4 + 3*n. What is y(-5)?
3
Let q be 0 - 2 - -3 - -45. Let u(v) be the first derivative of -79 + v**2 + 54 + q. What is u(1)?
2
Let t(n) be the first derivative of n**3/3 + n**2 + 69*n - 66. Let g(a) be the first derivative of t(a). Give g(3).
8
Let n(w) = 51*w - 75 + w**3 - 98*w**2 - 2*w - 14*w + 81*w**2. Determine n(15).
0
Let v = 29 - 25. Let u be v/10 - (-8 + 416/40). Let c(g) be the second derivative of g**4/12 - g**3/3 - 3*g**2/2 - g. Calculate c(u).
5
Let y = -31 + 33. Let q(o) = o - y*o**2 + o**2 - 7*o + 13*o - 7. What is q(6)?
-1
Suppose 27 = 11*n - n - 43. Let v(x) = -3*x + 13. What is v(n)?
-8
Suppose 11 = 3*n - 4, 5*z + 4*n - 5 = -0*z. Let k(g) = -g - 1. Let v(p) = p**2 + p + 2. Let l = -1 + 2. Let h(a) = l*k(a) - v(a). Give h(z).
-6
Let q(r) = -10*r + 9. Let v(t) = 22*t - 18. Suppose 37 = 2*d + 4*h - 1, -4*d + 37 = -5*h. Let m(b) = d*q(b) + 6*v(b). Calculate m(-7).
-5
Let f be 1/(2 - (-3)/(-2)). Suppose -f*i - 22 = -4. Let h(w) = -w**3 - 9*w**2 + 2*w + 17. What is h(i)?
-1
Let m(d) = -4*d**3 + 66*d**2 - 30*d - 23. Suppose 17*b - 94 - 52 = 126. Calculate m(b).
9
Let y be (-1 + -79)*1/(-5)*8. Let w = -104 + y. Let k(a) = 6*a**2 + w*a + 3 + a**3 - 21*a + 6. What is k(-6)?
-9
Let i(b) = -2*b**3 + 6*b + 4. Let g(o) = o**3 - 57*o**2 + 113*o - 167. Let c be g(55). What is i(c)?
8
Let z(r) = 3*r**2 + 47754*r - r**2 - 5 - 47745*r - 3*r**2 - 1. What is z(6)?
12
Let m(t) be the first derivative of -t**3/3 - 7*t**2/2 + 2*t + 4. Suppose -4*k = 2*p + 502, 2*p - 2*k - k + 481 = 0. Let j = 237 + p. Determine m(j).
-6
Let h = -25635 + 25650. Let v(k) be the third derivative of k**5/60 - 2*k**4/3 + k**3/3 + 3*k**2. Determine v(h).
-13
Suppose u + 12 = -2*y, 2*y + 4*u = -y - 13. Suppose 5*j = -3*k + 45 - 14, -5*j = 4*k - 33. Let g(o) = o**3 - 6*o + 0*o**3 + 3 + 6*o**k + 1. What is g(y)?
-3
Let c(y) = -18*y - 47. Let m(t) = -t**3 - 24*t**2 - 9*t + 318. Let j be m(-23). What is c(j)?
25
Let r(h) = 34*h + 17. Let k(a) = -79*a - 38. Let y(j) = -3*k(j) - 7*r(j). What is y(8)?
-13
Let a be (-2)/(8/(-12)*-1). Let d be 6/2 - -3 - 4. Let t be ((-4)/a - d)/(5/45). Let p(k) = k**3 + 5*k**2 - 5*k - 2. Give p(t).
-8
Let s(j) = -609*j - 1218. Let k be s(-2). Let w(g) = -13*g + 56. Determine w(k).
56
Let o(f) = 17*f**3 + f**2. Let u be 10/(-70) - (0 - 256/28). Suppose -14*i + 5*i - u = 0. Calculate o(i).
-16
Let v(d) = 2*d + 10 - 2 - d. Let n = 30475 - 30479. Calculate v(n).
4
Let w(k) = k**2 + 6*k - 16. Let b be w(2). Suppose 32 = 4*s - b. Let u(p) = -p**2 + 8*p - 6. What is u(s)?
-6
Let p(f) = 295 - 9*f - 34*f - 163 + 261. Give p(9).
6
Let x(s) = 4*s + 1. Suppose 0*h - 362 = -2*h + j, j + 182 = h. Suppose 0 = 4*i - 2*i + h. Let q = i + 93. Calculate x(q).
13
Let l(b) = 2*b + 16. Let y be -9 + -3*5/15. Give l(y).
-4
Suppose -k - 4 = 5*l, -4*l - 4*k - 332 + 348 = 0. Let h(c) be the first derivative of 2 - 2*c - 3/2*c**2 - 5/3*c**3 - 1/4*c**4. Give h(l).
-8
Let y = -7344 - -7313. Let d(k) = k + 40. Determine d(y).
9
Suppose -2 = 6*v - 7*v. Let t be (-21)/(-3) - 7 - v. Let o(n) = 2*n + 3. Calculate o(t).
-1
Let l(t) be the second derivative of 7*t**3/3 - 31*t**2/2 + 6494*t. Determine l(-7).
-129
Suppose 89 + 50 + 281 = -20*k. Let q(v) = v + 16. Determine q(k).
-5
Let k(z) be the third derivative of -z**6/120 - z**5/10 + z**3/2 - 10*z**2. Let a be 2/3 - 14/(-6). Suppose -v = 2*v + a*y + 6, -5*y + 20 = 0. Calculate k(v).
3
Let g be ((-460)/(-30))/(-23) + 44/(-6). Let i(u) = 10*u - 3. Let b(n) = 7*n - 2. Let p(r) = -7*b(r) + 5*i(r). What is p(g)?
-9
Let m(y) = 8*y - 45. Let u be m(6). Suppose -2*n = -3*n - 2*r + 4, -4*n - u*r + 6 = 0. Let a(x) = -x - 2. Give a(n).
-2
Let u = 821 - 813. Let f(q) = 2*q**2 + 4*q + 14. Let h(z) = z - 1. Let m(v) = u*h(v) + f(v). Give m(-8).
38
Let v(i) = 7*i + 51. Let z be v(-6). Suppose 3*u - 3*p - z = 0, -6*u = -2*u - 2*p - 4. Let m(o) = 5*o**3 - 2*o**2 - o. What is m(u)?
-6
Let s(i) = -2*i**2 + 25*i + 15. Let c be s(13). Let u(j) = 26*j + 77. Let a(p) = 8*p + 25. Let w(o) = c*u(o) - 7*a(o). Give w(-7).
7
Let s(k) = -k**2 + 54*k - 735. Let d be s(28). Let l(g) = -5*g - 39. Calculate l(d).
-4
Suppose -10 = -5*c - 5*u, -4*u - 333 = -349. Let q(s) = -s**3 - 5*s**2 + 2*s + 14. Calculate q(c).
-2
Suppose -2*s + 5 = d, 7*s = -3*d + 3*s + 11. Let k(u) = u**2 + u. Let n(r) = -7*r**2 - 6*r - 4. Let c(o) = d*n(o) + 6*k(o). Suppose 0 = i + i. Give c(i).
-4
Let n(i) = i**2 - i - 3. Let j be n(3). Let m(g) be the first derivative of 4*g**3/3 - g**2 - 17*g + 18. Let w(v) be the first derivative of m(v). Give w(j).
22
Let x(q) be the first derivative of q**4/4 + 17*q**3/3 + 27*q + 2415. Give x(-17).
27
Let k(a) = -a**3 - 6*a**2 + 4*a + 1. Suppose -1058*h + 1012*h - 276 = 0. What is k(h)?
-23
Let f(d) be the second derivative of d**4/12 - 7*d**3/6 + d**2 - 1774*d - 2. Calculate f(7).
2
Let s(o) = -4*o + 292 + 2*o - 192 - 84. Determine s(5).
6
Let u(w) = -w**3 + 9*w**2 - 8*w - 7. Let o be u(8). Let m(q) be the third derivative of q**5/60 + q**4/3 - 5*q**3/3 + 22*q**2 - 6*q - 2. What is m(o)?
-17
Let l(d) = 3*d**2 + 2*d. Let u(i) = -6*i**3 - i**2 + 3*i + 3. Let a be u(-1). Suppose -3*n - 31 = a*x, 2*n = -2*n - 3*x - 23. Calculate l(n).
8
Suppose -4*x + 12 = -0*x. Suppose -7*w - x*t = -3*w - 3, -4*w = 4*t. Let y(l) = -3*l - 2. Determine y(w).
-11
Let n(o) be the second derivative of 4*o**2 - 2*o - 1/3*o**3 - 17. Give n(-6).
20
Let c(b) = -b**2 - 142*b - 141. Let w be c(-1). Let k(s) = -s**2 - 3*s - 50. What is k(w)?
-50
Let t(c) be the second derivative of -c**4/12 - 7*c**3/3 + 12*c**2 + 6*c + 6. Calculate t(-16).
-8
Let n(h) = 2*h**2 - 7532*h + 25 + 15098*h - 7539*h. Give n(-13).
12
Let a(k) be the first derivative of 2*